 be (-1 + 134)*(-8)/(-28). Suppose 2*l = 10 + c. What is the units digit of l?
4
Suppose 6*q - 2*q - 28 = 0. What is the units digit of q?
7
Let i = -153 + 83. What is the units digit of (-2 - -1) + i/(-2)?
4
Let t = 254 + 37. What is the hundreds digit of t?
2
Suppose 8 = -2*h + 4*h. Let k(q) = 5*q + 4. What is the tens digit of k(h)?
2
What is the tens digit of (-1131)/(-15) + 6/10?
7
Suppose f + 3*f - 302 = -2*z, 384 = 5*f - 4*z. Suppose -3*d - d + f = 0. What is the tens digit of d?
1
Let s = -8 - -1. Let r(n) = -n**3 - 7*n**2 + 6*n + 6. Let c be r(s). What is the tens digit of (-2 - -1)/(2/c)?
1
Suppose 2*j - 245 = -3*j. What is the tens digit of j?
4
Suppose -5*i - 64 = -3*l, 7*l - 88 = 3*l + 4*i. Suppose -4*f = 4*k - l - 85, -130 = -5*f - 4*k. What is the units digit of f?
2
Let n(k) = -9*k - 6. What is the tens digit of n(-6)?
4
Let l = 53 - 39. What is the units digit of l?
4
Suppose 3*u - 5*f = -10, 0 = 4*u - f - 2*f - 5. What is the units digit of u?
5
Let n be (-398)/(-4) - (-1)/2. Suppose 4*p + 9 + 3 = 0, 4*a - 4*p - n = 0. Let g = -16 + a. What is the units digit of g?
6
Let c = -1 + -3. Let b(d) = d**2 - 4*d - 1. Let v be b(c). Suppose -5*r + 52 = t, 2*r + 5*t = 8*t + v. What is the tens digit of r?
1
Suppose 0 = -0*f + 3*f + 18. What is the tens digit of 1*3*(-44)/f?
2
Let b(t) = t**3 - 5*t**2 + 2*t - 4. Let u be b(5). Let o be u/4 + 3/(-6). Let n = o + 3. What is the units digit of n?
4
Suppose -5*o + 4*t = -7, 5*o = 4*o + 2*t - 1. Let r(v) = -1 - 9*v**2 + 9*v + v**3 + 0*v**o - 5. What is the units digit of r(8)?
2
Suppose 2*l + 892 = 6*l. Suppose 3*d - l = 11. Suppose -5*f + d = 2*i - 6*i, 50 = 4*f + 3*i. What is the tens digit of f?
1
Let b = -36 + 99. What is the tens digit of b?
6
Let g be 2 - 1 - 6/(-3). Suppose -5*j = -g*j + 8. Let l = 7 + j. What is the units digit of l?
3
Suppose -3*s = 2*d + 6, 3*d - s + 5*s + 8 = 0. Suppose 5*y + 9 + 16 = d. What is the units digit of (-2)/y - (-54)/15?
4
Suppose 0 = 2*a - 4 + 12. What is the units digit of (48/30)/(a/(-10))?
4
Let q(p) be the second derivative of p**4/4 + p**2/2 - 4*p. Suppose 0 = -2*t + 4*t - 4. What is the tens digit of q(t)?
1
Let d(z) = z**3 - 5*z**2 + 2*z + 2. Let m be 0 + (0 - 0) + 4. Let s be d(m). What is the units digit of (-15)/s + 2/(-4)?
2
Suppose -4*t = 3*h - 7 - 52, 0 = 4*h - 4*t - 32. What is the units digit of h?
3
Let y(j) = 4*j - 5*j - 9 - 3*j. Let w be y(-6). Suppose 3*h + 2*h = w. What is the units digit of h?
3
Let h = -2 - 4. Let d = 13 + h. Let c = 10 - d. What is the units digit of c?
3
Suppose 0 - 8 = -4*a. Suppose -a*p + 64 = 2*p. What is the units digit of p?
6
Let t(n) = n + 15. What is the units digit of t(-11)?
4
Suppose -g + 3*j + 5 = 0, 0*g + 2*j = g. Let x(c) = -4*c - 11. What is the tens digit of x(g)?
2
What is the hundreds digit of ((-9)/(-6) + -2)/(5/(-1300))?
1
Let u be (-58)/(-18) - 6/27. Suppose -y - u*s + 6*s = 3, -4*s - 28 = -4*y. What is the tens digit of y?
1
Let c be -70*(0/2 - 1). Suppose -f + c = 4*f. What is the tens digit of f?
1
What is the units digit of (-72)/27*(-405)/12?
0
Let h = -41 - -73. Let v = h + -8. Let r = v - 11. What is the units digit of r?
3
Let v(m) be the second derivative of m**4/12 + m**3/6 + 21*m. Suppose 0 = 5*j - 10, 5*i - 2*j - 7 + 1 = 0. What is the units digit of v(i)?
6
Suppose -a = 4*a - 2*j - 1150, 0 = -5*a + j + 1155. What is the hundreds digit of a?
2
Let t = 119 - -93. What is the tens digit of t?
1
Suppose 35 = 5*m - 3*o - 23, 2*m - 2*o = 24. Let u(b) = -b**3 + 10*b**2 + 13*b + 10. What is the tens digit of u(m)?
3
Suppose -a = 2*a - 2*o - 117, o = -3*a + 126. What is the units digit of a?
1
What is the hundreds digit of 398 - (18/6 - 5)?
4
Let m = -2 - -42. What is the tens digit of m?
4
Let d(m) = -m**3 + 8*m**2 - 8*m + 4. Let w be d(7). Let o = w - -7. Suppose -4*b + 21 = -3*b - 4*u, o*u + 17 = -3*b. What is the units digit of b?
1
Let u(i) = -i. Let o(d) = 9*d - 1. Let m(s) = 3*o(s) + 24*u(s). Let f = -7 + 12. What is the units digit of m(f)?
2
Let l = -139 + 203. What is the units digit of l?
4
Suppose -14 + 5 = 3*g. Let y be 1/g + (-103)/(-3). What is the units digit of 1/2 - y/(-4)?
9
Let k = 3 + -1. What is the units digit of k?
2
Suppose 3*v - 3*z = -2*z + 565, 0 = z - 5. What is the units digit of v?
0
Suppose -2*p - p = -6. Suppose 2*m = 3*m - p. Suppose q + 1 = m*q. What is the units digit of q?
1
Let a(l) = 3*l - 8. Let f = 1 - 0. Let y be (-3 + -11)*f/(-2). What is the tens digit of a(y)?
1
Suppose -3*r - 8 = -4*g, g + r - 3*r - 2 = 0. What is the tens digit of (-2160)/(-70) - g/(-14)?
3
Let w be 22/5 + 4/(-10). Let d(a) = -2*a - a**2 + 3*a + w*a**2. What is the units digit of d(1)?
4
Let x(h) = -h**2 - 4*h + 2. Let i be x(-4). Suppose -i*l = 2, 0*j + 40 = 3*j + 5*l. What is the units digit of (j/6)/((-2)/(-4))?
5
Let u be (3/(-3))/((-2)/18). What is the units digit of ((-12)/u)/((-2)/27)?
8
Suppose -3*n - 4 = -10. Let k = n - -19. What is the units digit of k?
1
Let i be -5*7/((-70)/12). Let o(q) = -q**3 + 7*q**2 - 5*q - 4. What is the units digit of o(i)?
2
Suppose -4*o = 5*n - 246 + 37, -3*n = -4*o + 233. Suppose -r = r - o. What is the units digit of r?
8
Suppose 4*r = -4*k + 100, -4*r - 44 = -2*k + 24. Suppose -f = f - k. What is the units digit of f?
4
Let u(t) = -2 + 23*t**2 + 2*t + 5*t**2 + 0 + 3. Let k be u(-1). Let g = k + -11. What is the tens digit of g?
1
Let r(c) = -c**2 - 17*c - 54. What is the units digit of r(-12)?
6
Let m = 3 - -11. Let h = 5 - m. Let n = h - -16. What is the units digit of n?
7
Suppose 220 = 2*y + 3*y. Let l = -26 + y. Let r = l - 13. What is the units digit of r?
5
Let g(v) = v**3 - 7*v**2 + 8*v - 5. Suppose -26 - 2 = -4*w. What is the tens digit of g(w)?
5
Let z(u) = u**3 + 12*u**2 + 5*u - 3. What is the hundreds digit of z(-7)?
2
Let i(o) = -133*o - 20. What is the hundreds digit of i(-2)?
2
Let w(j) = 2*j - 13. Let s be w(8). Suppose -y = -s*y + 32. What is the tens digit of y?
1
Let o(l) = -l**3 - l**2 + 3*l. Let a(h) = -h - 3. Let d be a(9). Let g be 13/(-4) + (-3)/d. What is the units digit of o(g)?
9
Suppose 574 = 7*r - 5*r. What is the hundreds digit of r?
2
Suppose -3*k + k + 10 = 0. Suppose -k*r + 2*o + 12 = 0, -2*r - 5*o + 5 = 3*r. Suppose r*x + w = -x + 16, 2*x - 12 = -2*w. What is the units digit of x?
5
What is the hundreds digit of (-12)/16 - -1 - 4535/(-20)?
2
Let f(l) = l**3 - 14*l**2 - 11*l - 22. What is the units digit of f(15)?
8
Let k(v) = 13*v**3 - 32*v**2 + 24*v + 15. Let j(f) = 3*f**3 - 8*f**2 + 6*f + 4. Let p(w) = -9*j(w) + 2*k(w). What is the units digit of p(7)?
1
Let c(a) be the second derivative of -a**6/720 + a**5/20 - a**4/12 + 2*a. Let i(u) be the third derivative of c(u). What is the units digit of i(0)?
6
Let t be 1 - (0 + -1)/(-1). Suppose j + t*j = 15. What is the units digit of j?
5
Let w = -3 + 3. Let p be (w + (-1 - -4))*1. Suppose 1 - p = -i. What is the units digit of i?
2
Let a(u) = 2*u. Suppose 3*h + 2*o - 76 = 0, h - 18 = -o + 4*o. Let k be (1/2)/(4/h). What is the units digit of a(k)?
6
Let n = 168 - 31. What is the hundreds digit of n?
1
Suppose -5*d = -4*b + b - 2, -4*d - 20 = 3*b. Let t = b - 1. Let u = -2 - t. What is the units digit of u?
3
Suppose 0 = 5*f, f = -5*s + 5*f. Suppose 5*i = -s*i + 15. What is the units digit of i?
3
Suppose n - 3*x = 36 + 100, -728 = -5*n - x. What is the hundreds digit of n?
1
Suppose -265 = 4*m + m. Let h = -35 - m. What is the tens digit of h?
1
What is the units digit of 1506/8 + 35/(-28)?
7
Let c be 7 - (2 + (-3 - -3)). Suppose -81 = -3*l - 5*f, -c*f + 2*f + 31 = l. What is the units digit of l?
2
Let m = -144 + 239. What is the tens digit of m?
9
Suppose -3 + 1 = -2*w. Let r be w/2 + 285/6. Suppose 2*q + r = 6*q. What is the units digit of q?
2
Suppose -2*l + 5*h + 28 = -l, -l + 13 = -2*h. Suppose 0*v = -4*s + 4*v + 92, s + l*v = 3. What is the units digit of s?
8
What is the tens digit of (-2)/(-5) + 412/20?
2
Let a be (3/2)/((-3)/4). Let y(v) = 9*v**2 - 3*v + 2. Let m be y(-4). What is the units digit of a/7 + m/14?
1
Let p(u) = u**2 - 6*u - 4. Let k be p(7). Let g(h) = 0*h - h**3 + 5 + h - 3 + 3*h**2 - 3. What is the units digit of g(k)?
2
Let g(d) = -d**3 - 9*d**2 - d - 2. Let q be g(-9). Let t = q + -8. Let w = 15 + t. What is the tens dig